lculate the highest common factor of u and f.
10
Let w = 340 + -330. What is the greatest common divisor of 530 and w?
10
Let z be -2 - 2/((-6)/(-15)). Let m = 2 - z. Let l be (-5)/15*-6 + 70. Calculate the highest common divisor of m and l.
9
Let r be (-109)/(8/((-48)/6)). Calculate the highest common divisor of 3161 and r.
109
Suppose -60 = -4*d + 8*d. Let c = 7 + d. Let y = c - -40. Calculate the greatest common factor of 4 and y.
4
Let p(d) = d + 15. Let q be p(-11). Suppose 0 = 3*b - 3*l + 6, -b = -4*b + l - 2. Suppose b = q*u - u - 48. Calculate the greatest common divisor of u and 16.
16
Suppose 0*m = 3*m - 36. Let i(b) = -b**2 + 47*b + 116. Let u be i(49). What is the highest common divisor of m and u?
6
Let o(y) = -8 - y + 4*y - y**2 + 7*y. Suppose -3*r + 18 = -r. Let u be o(r). What is the highest common factor of u and 4?
1
Let z be ((-21)/(-14))/((-2)/(-36)). Let m = z + 15. Calculate the highest common divisor of m and 14.
14
Let x(b) = -5*b + 3. Let l be x(2). Let t(n) = -5*n + 7. Let o be t(l). Suppose -4*i + o = -i. Calculate the greatest common divisor of i and 98.
14
Suppose 0 = 8*a + 8 - 40. What is the greatest common divisor of 64 and a?
4
Let p(r) = 4*r - 54. Let q be p(13). Let f(w) = 64*w**2 + 3*w + 3. Let x be f(q). Calculate the highest common divisor of x and 23.
23
Let p(c) = -c**3 + 9*c**2 - 5*c - 16. Let r be p(8). Suppose -r = -2*g - 2*g. What is the greatest common divisor of 8 and g?
2
Suppose -5*k = 0, -y = 3*k - 4 - 11. Calculate the highest common divisor of y and 1245.
15
Let l be 252/(-2)*180/(-42). Calculate the greatest common divisor of 12 and l.
12
Suppose -u = n + 4*u - 13, 3*n + 46 = 2*u. Let h(g) = g**2 + 12*g + 18. Let s be h(n). Calculate the highest common factor of s and 9.
9
Let i be 4/(-1) + (-1632)/(54/(-9)). Calculate the highest common factor of 4 and i.
4
Let w be (-1326)/170*10/(-3). Calculate the greatest common divisor of w and 65.
13
Suppose -423 = -3*w - 27. Suppose 5*q + 42 - w = 0. Suppose -2*u - 152 = 3*m - 6*m, -275 = -5*m - u. Calculate the highest common factor of m and q.
18
Suppose 140 = 4*h - 5*t, -t = -h + 4*t + 50. Suppose -4*x + 14 = -6. Let o be (x + 1)/(-3) + 22. What is the greatest common factor of o and h?
10
Let n = 21 + -6. Let d(b) = -50*b - 5. Let c be d(-3). Let p = -25 + c. What is the greatest common divisor of p and n?
15
Let n = -362 + 398. What is the highest common divisor of n and 270?
18
Let d be 47 - 9 - (-2)/1. What is the greatest common factor of 8 and d?
8
Suppose 4*m + 11 = -33. Let l be (-1322)/(-11) + 2/m. Suppose 2*i - q + 17 = 109, -i + 36 = -3*q. What is the greatest common factor of l and i?
24
Suppose 4*w = 12*w. Let v be w*((-11)/3 - -4). Suppose v = -7*y - 0*y + 112. What is the greatest common divisor of 8 and y?
8
Suppose -k - 66 = -3*s - 0*k, -3*k = 9. Let i = 29 + s. Let y(p) = -p + 4. Let m be y(-6). What is the greatest common divisor of i and m?
10
Let k = 1250 + -490. What is the greatest common divisor of k and 40?
40
Suppose 4*u = 5*s - 820, -2*s + 5*u - 4*u + 331 = 0. Suppose 0 = 2*i - 74 + 32. Calculate the highest common divisor of i and s.
21
Let c(h) = h**3 - 30*h**2 - 3*h - 43. Let w be c(31). Calculate the greatest common divisor of w and 33.
33
Let b(x) = x**2 + 88*x - 17. Let g be b(19). What is the greatest common divisor of g and 112?
112
Let d be -3 + -1 + 0 + 10. Let j = -62 - -104. Calculate the greatest common factor of j and d.
6
Let r = 46 + 23. Suppose 10*n - 5*n = 2*c - 43, 0 = -4*n - 5*c - 41. Let t = r + n. Calculate the greatest common divisor of 40 and t.
20
Suppose 44*a + 276 = 48*a. Let w = -52 + 75. What is the highest common factor of a and w?
23
Let b(y) = -y**2 + 24*y - 73. Let d be b(13). What is the highest common factor of d and 1330?
70
Suppose 27*m = 31*m - 868. Calculate the highest common divisor of 62 and m.
31
Let b(o) = -o**3 - 2*o**2 + 3*o + 1. Let a be b(-4). Let g(u) = -5*u**2 - 59*u + 18. Let l be g(-12). Calculate the highest common factor of l and a.
3
Let y = 64 - 52. Let g be 0 - (0 + 6 + -2). Let m be 2400/132 + g/22. Calculate the greatest common factor of m and y.
6
Let b(d) = 20*d**2 + 7*d + 17. Let w be b(-3). What is the highest common factor of 4 and w?
4
Let h = 77 - -235. What is the highest common divisor of h and 72?
24
Let n = 307 - 462. Let w = n - -274. What is the greatest common divisor of 17 and w?
17
Suppose -4*y = 60 - 84. Let o(z) = 4*z**2 + z - 1. Let x be o(1). Suppose -x*p - y = -14. Calculate the greatest common divisor of p and 10.
2
Let l be 4 + -3 + 0 - -1. Suppose -p + 0*x = l*x - 73, -4*p + x = -301. What is the highest common factor of p and 25?
25
Suppose 3*v - 582 = -5*x - 0*v, -2*x - 5*v = -229. Suppose -2*q + 8 = 0, -4*w - 4*q = -18 - 34. What is the greatest common divisor of w and x?
9
Let g(c) = 21*c - 18. Let z be (-74)/(-12) + (-1)/6. Let j be g(z). Calculate the greatest common factor of j and 9.
9
Let m = -39 + 59. Suppose 2*r = -3*r + m. Let j be 63/5 + r/10. What is the highest common factor of 143 and j?
13
Let s = -49 - -83. Let i = s - 31. What is the highest common divisor of i and 21?
3
Let u be 6/15*-1*-5. Let v = 143 + -81. Suppose 4*y = -u*n + v, -4*y + 2*y - 4*n + 40 = 0. What is the greatest common factor of y and 28?
14
Let d(j) = -37*j + 427. Let a be d(11). What is the greatest common divisor of 370 and a?
10
Let r = -61 + 90. Let l = 844 - 583. What is the highest common factor of l and r?
29
Let w be (16/(-5))/((-2)/10). Let p be (w - 15) + 2/2. Let x(f) = -f**2 - 5*f + 5. Let z be x(-5). Calculate the greatest common divisor of p and z.
1
Let z(p) = p**3 + 6*p**2 - 4. Let l be z(-5). Suppose -4*g + 2*y - 21 = -7*g, -3*g = -3*y - l. Calculate the greatest common divisor of 56 and g.
7
Let o be 216/(-16)*8/(-6). Calculate the greatest common factor of 306 and o.
18
Let l be (-1 - (-9 + 8)) + (0 - -33). Calculate the highest common divisor of 363 and l.
33
Let g(u) = 2*u**2 - 10*u + 1. Let o be g(7). Suppose 17*x + 1065 = 5502. What is the highest common divisor of o and x?
29
Suppose 0 = -5*b + 354 + 896. Suppose 85 = v + 3*r, -v - 7*r = -3*r - 80. Calculate the highest common factor of b and v.
50
Let u(j) = 268*j - 292. Let o be u(2). What is the highest common factor of 854 and o?
122
Suppose 0*w - w + 4 = 0. Suppose l - w*p = -5, 45 + 40 = 4*l + 5*p. Calculate the greatest common divisor of 75 and l.
15
Suppose 3*l - 42 = 4*h, 5*l - 41 = -4*h + 61. What is the highest common divisor of 342 and l?
18
Let s(q) = -q**2 + 8*q - 3. Let j(o) = o**3 - 10*o**2 - 11*o + 3. Let a be j(11). Let z be s(a). What is the highest common factor of 36 and z?
12
Suppose -2*x = -16 - 36. Suppose 2*t = -3*c - 17, -2*t - 3 = 2*c + 9. Let b be t + 5 + (-1 - -2) + 281. What is the greatest common factor of x and b?
26
Let u(g) = g**2 + 11*g + 24. Let m be u(-13). Calculate the highest common factor of m and 10.
10
Let b be (3 - 2) + -2 - -1. Let q = b - -3. Suppose 3*s = -2*c + 5, -q*c + 2*s + 23 = -17. Calculate the greatest common factor of c and 5.
5
Suppose 0 = 3*s - 5*t - 792, -5*t = -s + 201 + 63. Calculate the greatest common divisor of s and 33.
33
Let n = 46 + -20. Let c be (-4 - 1) + 4 + 22. Let x be (-35)/c + 800/12. What is the highest common divisor of n and x?
13
Suppose -28*k + 919 = -89. What is the greatest common factor of 72 and k?
36
Suppose 2*r - 16 = -0*r + 3*m, 5*m + 23 = 3*r. Suppose 4*c - l - 32 = r, 4*c = 5*l + 23. What is the highest common factor of c and 120?
12
Let y(d) = -4*d + 2. Let b be y(-1). Calculate the highest common factor of b and 26.
2
Suppose 330 = -86*l + 101*l. What is the greatest common divisor of 22 and l?
22
Let y be 58/18 + (22/9)/(-11). Let a be -5 + (2 - y) + 30. Calculate the greatest common divisor of a and 32.
8
Let w be (-8)/(-16) + 19/2. Calculate the highest common divisor of 185 and w.
5
Let i(w) = -w**2 + 14*w - 30. Let l be i(4). What is the greatest common factor of 25 and l?
5
Let v = 3468 + -2414. Calculate the greatest common factor of v and 62.
62
Let p(l) = -5*l**2 - 57*l. Let i be p(-11). What is the highest common factor of i and 286?
22
Suppose 6*p = 90 + 30. Let h = p + -14. Calculate the greatest common divisor of 3 and h.
3
Let c(i) = -i - 4. Let o be c(-8). Calculate the